 highest common divisor of 42 and a.
14
Let j(l) = -119*l**2 + l + 2. Let o be j(-1). Let x = o + 130. What is the greatest common factor of 132 and x?
12
Suppose 0 = 16*n + 17986 + 4270. Let f = -833 - n. What is the greatest common divisor of 62 and f?
62
Let y(h) = -2*h**3 + 18*h**2 + 5*h + 29. Let p be y(11). Let o = p + 967. What is the highest common divisor of o and 21?
21
Let f(n) = 35*n**2 - 111*n + 610. Let h be f(5). Calculate the greatest common divisor of h and 6.
6
Suppose -28*b + 751 = -23*b + a, 0 = -5*b + 5*a + 715. What is the greatest common factor of b and 5513?
149
Let k(o) = -84*o + 106. Let a(v) = -46*v + 53. Let h(q) = -7*a(q) + 4*k(q). Let j be h(-2). What is the greatest common divisor of j and 108?
27
Suppose 0 = 3*y - 4*p - 232, -5*p - 345 = -5*y + 35. Let f(n) = 19 + 2704*n + 2 + 2 - 2697*n. Let l be f(-2). Calculate the highest common divisor of y and l.
9
Let x = -3288 - -5427. What is the greatest common divisor of 207 and x?
69
Let i be ((-45)/6)/(-5)*14/3. Let q be (306/i - 8/(-28))*1. Calculate the greatest common factor of 11 and q.
11
Let t(g) = 12*g + 8. Let v be t(8). Let a = 2603 - 2587. What is the highest common factor of a and v?
8
Let a(q) = 204*q**2 - 47*q - 415. Let s be a(-7). What is the highest common divisor of s and 10?
10
Let m be (-16)/14*42/(-12). Suppose -5*s = -f - 0*s + 47, 46 = f - m*s. Calculate the highest common divisor of 112 and f.
14
Let p(q) = -q**3 + 11*q + 1. Let f be p(-4). Let l(b) = -b**3 + 22*b**2 - 23*b + 52. Let u be l(f). What is the greatest common factor of 90 and u?
10
Let z(o) = 591*o - 500. Let y be z(3). What is the greatest common factor of 737 and y?
67
Let u = -27 + 27. Let z be (-2 - 1) + 7 + u. Suppose -2*c + 5*o = -30, 4*c - 52 - 8 = -z*o. What is the greatest common factor of c and 6?
3
Let a(d) = -56*d**2 + 398*d + 27. Let r be a(7). What is the highest common divisor of r and 667?
23
Let i(d) = 10*d - 165. Let z be i(-11). Let s = -251 - z. Let p(n) = -n + 2. Let k be p(-6). Calculate the highest common divisor of k and s.
8
Let q(i) = -i - i - 3*i - 3 - i**3 + 2*i - i**2. Let p be q(-3). Let m be ((-344)/24 - -13)*(-39)/4 + 3. What is the highest common factor of p and m?
8
Let y be ((-9)/2)/(((-36)/6)/204). What is the highest common divisor of y and 4743?
153
Let u be -20*7*2/(-5). Suppose -125*h = -127*h + 3*s + 504, -2*h = -2*s - 504. What is the greatest common factor of u and h?
28
Suppose -56 = 3*i - 29. Let x(k) = 2*k**3 + 16*k**2 - 22*k - 18. Let u be x(i). Calculate the greatest common divisor of 306 and u.
18
Suppose -2 = 4*s - u, 6*s - 11*s - 3*u + 6 = 0. Suppose 28*a - 30*a + 66 = s. Suppose -12*q + a = -27. Calculate the greatest common divisor of 80 and q.
5
Suppose -162*y + 164*y - 6 = 0, -2*t + 4*y + 7336 = 0. What is the highest common divisor of t and 44?
22
Let q be ((-40)/7 + (-4 - -2))*49. Let c = 588 + q. What is the greatest common factor of 14 and c?
14
Suppose 79*q + 2719 = 84*q + 39. What is the greatest common factor of 3618 and q?
134
Let o(i) = 4*i - 53. Let u be o(14). Suppose -v - 2*v = 5*s - 162, 0 = -u*s - 5*v + 94. Calculate the highest common factor of 6 and s.
3
Let c(r) = 11*r - 66. Let x be c(18). Suppose -6*z - 59 = -2039. Calculate the highest common factor of x and z.
66
Suppose 3*y - 1085 - 199 = 0. Suppose 5*t = x - 36 - 55, 5*x + 2*t - y = 0. What is the highest common factor of 215 and x?
43
Suppose -3*t + 43*j - 38*j + 74 = 0, 4*j - 64 = -2*t. Calculate the greatest common divisor of t and 434.
14
Let n(c) = -c + 40. Let b = -35 - -35. Let t be n(b). Let k = 41 - t. Calculate the greatest common divisor of k and 1.
1
Suppose -5*b + 827 = 527. Calculate the highest common divisor of b and 420.
60
Suppose -4*n - 5*c + 2 = 0, -4*n - 8 + 0 = 10*c. Suppose n*v + 6 = 0, -4*d + 6*d - 70 = 3*v. What is the greatest common factor of 224 and d?
32
Let r = 133 - 807. Let v = 1024 + r. What is the greatest common divisor of 14 and v?
14
Let y(s) = s**2 + 10*s + 2. Let m(a) = -2*a**2 - 21*a - 2. Let i(p) = 2*m(p) + 5*y(p). Let z be i(16). Calculate the greatest common factor of 15 and z.
15
Let y = 17756 + -16621. What is the highest common factor of 6583 and y?
227
Suppose -168*q + 5313 + 11991 = 0. What is the highest common factor of 3708 and q?
103
Let d = -24 - -28. Suppose d*u + 3 = -5. Let b be (u + 6/4)/(6/(-12)). Calculate the highest common factor of b and 5.
1
Let c(b) = -b**3 - 4*b**2 + 7*b - 12. Let j be c(-6). Suppose 20*p = 22*p - j. Let z be 2/(-3) - (-402)/p. Calculate the greatest common factor of z and 33.
11
Let p = 58 - 45. Suppose -j - 4*x = -27, -3*x - p = -3*j + 2*x. Suppose -3*o + 33 = -0*o. Calculate the greatest common divisor of j and o.
11
Let u(b) = -b**3 + 7*b**2 + 13*b - 28. Let x be u(8). Let l be 1/((-4)/(-78)*18/x). What is the highest common factor of 169 and l?
13
Let i be 3 + 0*3/9 + 6. Let r be (i/(-6))/((-21)/490). Suppose -r*s = -30*s - 110. What is the highest common divisor of s and 33?
11
Let h(o) = -o**2 - 3*o + 12. Let r be h(-5). Let a be 4/(-40)*r + 1552/10. Let m = a + -57. What is the highest common factor of m and 14?
14
Suppose 2*l = -3*v + 1471, 0 = 3*l - 5*v - 1343 - 816. Calculate the greatest common factor of 637 and l.
91
Let p be 3 - ((-1)/(4/(-228)) + 1). Let f = p - -61. Let y be 117/12 - f/(-24). Calculate the highest common factor of 2 and y.
2
Suppose 4*h + r - 9757 = 0, -7*r + 10*r - 4891 = -2*h. What is the greatest common factor of h and 46?
46
Let p(c) = 18*c - 4. Let h be p(1). Suppose -f + 0 = h. Let l be (f + 17)*(1 - -2). Calculate the highest common factor of 27 and l.
9
Let c(j) = -j**2 - 15*j - 25. Suppose -2*g - 17 - 7 = 0. Let l be c(g). Calculate the highest common divisor of 143 and l.
11
Suppose 0 = 3*t + 4*c - 100 - 108, -4*t - 3*c + 275 = 0. Suppose -i + 38 = -2*f, -7*i = -5*i - 2*f - t. What is the greatest common divisor of 240 and i?
30
Suppose 0 = -2*f + 2*x + 3230, 28*x = 5*f + 24*x - 8073. Let z = -975 + f. What is the highest common divisor of 58 and z?
58
Let c be (7/21)/((-3)/(-513)). What is the highest common factor of 36 and c?
3
Let t be (-9 + 1 - 520)*((-3)/(-6))/(-1). Calculate the highest common divisor of t and 120.
24
Let r(l) = -2*l**3 - 9*l**2 - 3*l + 6. Let o be r(-4). Suppose a = o*v - a - 2316, -v = -3*a - 1164. What is the highest common divisor of 77 and v?
77
Let v be 2745/(-122)*(-2 + (-20)/(-18)). What is the greatest common factor of v and 76?
4
Let h be (-4)/(-2) + ((-6)/1 - -5). Let n be (928/580)/(h + 9/(-10)). What is the greatest common divisor of 368 and n?
16
Let g = 5256 + -4191. Calculate the highest common factor of 90 and g.
15
Let t = -8572 + 8744. What is the greatest common factor of 731 and t?
43
Let x = -1811 + 3362. Calculate the greatest common divisor of x and 564.
141
Suppose 46008 = -129*b + 153*b. Calculate the greatest common factor of b and 81.
27
Suppose 313 = -15*f + 1903. Suppose f*y - 112*y = -648. Calculate the highest common divisor of 4 and y.
4
Suppose -3*h + u + 30 = -8*h, -4*h - u - 24 = 0. Let v be (-3 + -3)/(-3*(-3)/h). Let r be 4*114/(-12)*-2. Calculate the highest common factor of r and v.
4
Suppose 130 = 269*h - 264*h - 4*j, -5*h - 4*j + 130 = 0. Let a be (-2 - -431)/((-6)/(-4)). What is the greatest common factor of h and a?
26
Let u be (-3)/(2*(-2)/16). Suppose y + 1650 = -2*y - 4*o, 5*o = 5*y + 2785. Let s = y - -584. What is the highest common factor of u and s?
6
Suppose -48*l + 152 + 305 = -503. What is the greatest common divisor of l and 9980?
20
Suppose -89*y = -83*y + 2184. Let z = -304 - y. Calculate the highest common factor of 90 and z.
30
Suppose -2*s - 3*a + 79 = 0, 0*a = -4*s - a + 173. Let j be (s/6)/(3/9). Let z = 18 - 16. What is the greatest common divisor of j and z?
2
Suppose 176064 = -14*y + 145*y. What is the greatest common divisor of y and 144?
48
Suppose x = 4*h + 83, 193 = 3*x - h + 3*h. Suppose -3*o = 2*l - 76, -l + x - 15 = -2*o. Calculate the highest common divisor of 220 and l.
44
Let b = 52 - 16. Let s(r) be the first derivative of r**4/4 - 5*r**3/3 - 3*r**2 - 18*r - 5. Let v be s(9). What is the highest common divisor of v and b?
36
Let x = -9787 - -9835. What is the greatest common factor of 3056 and x?
16
Let k be -2 - (-13)/(-2)*-2. S